*y**2. What is l(k)?
19
Suppose 0 = -5*o + 3*o - 18. Let k(n) be the third derivative of n**6/120 + n**5/6 + 3*n**4/8 - 4*n**2 - 17. Give k(o).
0
Let m be (-110)/(-22)*(-2)/(-5). Let s(b) = m + 14 - b - 5. Give s(10).
1
Let j = -458 + 528. Let f(y) = -j*y**2 - 2 - 2 + 35*y**2 + 30*y**2 - 4*y + 0*y. Give f(-3).
-37
Let j(s) = s**3 - 4*s**2 - 5*s - 5. Let y be j(5). Suppose 0 = 3*l + 2*l - 70. Let h(o) = -19*o + 31*o - l*o - 7. Give h(y).
3
Let x(f) = 29*f - 22*f - 15*f + 5 - 8. Determine x(-2).
13
Let q(o) = o**3 - 4*o**2 - 4*o + 22. Let s be q(6). Suppose -9*x - s - 2 = 0. Let f(t) = -t**3 - 8*t**2 - 7. Give f(x).
-7
Let r(c) = -9*c**3 + 21*c**2 - 13*c - 25. Let n(k) = -5*k**3 + 11*k**2 - 7*k - 13. Let z(h) = 11*n(h) - 6*r(h). Let m be -1 + 2/((-8)/(-16)*-1). Give z(m).
2
Suppose -276*u - 280*u + 12 = -559*u. Let r(t) = t**3 + 5*t**2 - 2*t - 15. Give r(u).
9
Let u(a) = -a**3 + a**2 + 5*a - 1. Let t = 6345 + -6345. What is u(t)?
-1
Let g(h) be the third derivative of -h**5/60 - h**4/24 + 11*h**3/2 - 120*h**2. Let o be g(5). Let f(t) = 4*t - 7. Calculate f(o).
5
Suppose 3*u - 3 - 6 = 0. Suppose 20*k - u = 19*k. Let p be 6/(-8)*(-5 + 7/k). Let c(a) = -2*a**2 - 2*a - 1. Give c(p).
-13
Let t be (198/(-45))/11 + 34/10. Let c be (t/4)/((-1)/(-8)). Let x be c/(-9) + 25/(-3). Let k(i) = i**3 + 10*i**2 + 9*i + 8. Determine k(x).
8
Let l be (-2)/((-15)/(135/(-6))). Let t(g) be the third derivative of g**6/120 + g**5/60 + g**4/24 + g**3/6 - g**2. Calculate t(l).
-20
Let h(m) = -3*m**2 - 27*m - 13. Suppose 11 = 2*a + 9*u, 5*u - 55 = 5*a - 0*a. Give h(a).
11
Let q(m) = -m**3 - 7*m**2 + 29*m - 23. Suppose 3*s = 4*c - 42, -4*s + 27*c = 28*c + 37. Determine q(s).
-13
Let a(y) = -y**2 + 9*y + 7. Let v = -42 - -46. Suppose -v*z = -9*z + 5. Suppose -39 = -5*w + z. Determine a(w).
15
Let z be (15 - (-296)/(-16))*2 - (1 - 5). Let v(q) = 3*q + 4*q**2 + 1 + 2 + q**3 - 6*q - 2. Calculate v(z).
19
Let p(r) be the second derivative of -r**4/12 + r**3/2 - 2*r**2 - 2*r. Let g(s) = 4*s + 56. Let n be g(-13). Suppose -n*k - 6*k = -30. Calculate p(k).
-4
Let u(v) = 2*v**3 + 10*v**2 + 10*v - 3. Let m(a) = -3*a**3 - 19*a**2 - 19*a + 7. Let c(l) = -3*m(l) - 5*u(l). What is c(8)?
-14
Let c(s) be the second derivative of 1/60*s**5 - 1/2*s**3 - 1/2*s**2 - 2*s + 1/8*s**4 + 0. Let g(f) be the first derivative of c(f). Determine g(-3).
-3
Let i(m) = m**2 + 4*m. Let c be (11 - 0) + -19 + 13. Let v = -4 - -4. Suppose v = -r - c*r + 18. Determine i(r).
21
Let j(u) = u**2 + u. Suppose 0 = -5*c + 10*c + 5. Let z(x) = 7*x**2 + 7*x - 1. Let w(p) = c*z(p) + 6*j(p). Determine w(1).
-1
Let z be -3*4/6 + 16 + -7. Let x(b) = 4*b + 17. Give x(z).
45
Let b = -274 - -287. Let h(c) = b*c - 21*c**3 - 3 + 38*c**3 - 16*c**3 + 14*c**2 - 4. What is h(-13)?
-7
Let l(k) = 19*k**3 + 6 - 3 - 18*k**3 - 3*k**2 - 2. Suppose 8*x + 144 = 2*x. Let r be (-2 - 3)*x/40. What is l(r)?
1
Let p(q) be the second derivative of q**5/10 + 7*q**4/12 - q**3/6 - 7*q**2/2 + 368*q + 5. What is p(-3)?
5
Let w = 579 + -598. Let a(b) = -b**3 - 19*b**2 - 3*b - 21. Calculate a(w).
36
Let u(t) = t. Let h(s) = 3*s**2 - 11*s - 16. Let o be h(10). Let v = 29 - o. Let d = v + 146. Determine u(d).
1
Let m(l) be the third derivative of 31*l**5/60 + 5*l**4/24 - 5*l**3/6 - 2*l**2 - 55*l. Calculate m(1).
31
Let j(w) be the third derivative of w**6/120 + 7*w**5/30 - 2*w**4/3 - 8*w**3/3 - 57*w**2 - 6. Give j(-15).
-1
Let x = -6 + -1. Let g(h) = h**3 + 8*h**2 + 3*h - 13. Let v(l) = -2*l**3 - 16*l**2 - 7*l + 22. Let k(p) = 7*g(p) + 4*v(p). Give k(x).
-3
Let z(n) = -5*n**3 + 11*n**2 - n. Let q(u) = u**3 - u**2. Let l(d) = 6*q(d) + z(d). Suppose -2*c - 3*o = 16, -3*o = 5*c - 1402 + 1433. Determine l(c).
5
Let o = -817 - -808. Let v(i) = 5*i**2 + 3*i + 16. Let j(n) = 11*n**2 + 4*n + 30. Let b(h) = -4*j(h) + 9*v(h). What is b(o)?
6
Let u be 1/(-3) + ((-3270)/(-9))/10. Suppose -u = -18*z + 14*z. Let r(g) = -3*g + 33. Let i be r(z). Let d(y) = -y**2 + 4*y + 7. Give d(i).
-5
Let k(m) be the second derivative of -m**3/2 - m**2/2 + 6*m. Let c be ((-52)/10)/((-18)/720). Let v = c - 212. Determine k(v).
11
Let z(o) = o**2 + 14*o - 15. Suppose -7*n + 234 = 8*n - 33*n. Calculate z(n).
-28
Let y(l) be the second derivative of l**3/3 + l**2/2 - l. Suppose -p + 123 = 98. Suppose -28*x + 21 = -p*x. What is y(x)?
15
Suppose 0 = 34*y - 54*y + 60. Let o(i) = 3*i**3 - 4*i**3 - 20*i**2 + 0*i**3 + 2*i + 2 + 17*i**2 + 0*i**y. What is o(-4)?
10
Let t(h) = h**3 - 9*h**2 - h + 11. Let x be t(9). Let d(g) = 2*g**3 - 3*g + 1. Let j(z) = -z**3 - z**2 + 2*z - 1. Let l(w) = x*d(w) + 3*j(w). Calculate l(4).
15
Let r(j) = 4*j**2 - 3*j**2 - 10*j - 1 + 0. Let a = -620 - -1089. Let f = 477 - a. Give r(f).
-17
Suppose -584 = 14*j - 22*j. Suppose 74*h = j*h + 70. Let d be 9/(-6)*h/(-21). Let y(w) = -w + 2. Give y(d).
-3
Let s(g) = g**3 + g**2 - 4*g - 2. Let n(w) be the first derivative of -1/3*w**3 - 8 + w - 3/2*w**2. Let b be n(1). What is s(b)?
-8
Suppose -5*w = 0, 2*h - 4 = 4*h + 2*w. Let i be (-28)/(-35)*5/h + -1. Let p be 1*(i - (-6 + 4)). Let q(g) = -14*g. Give q(p).
14
Let f(g) = -5*g**2 + 5*g + 10. Let v(s) be the second derivative of s**4/6 - s**3/6 - s**2/2 - 5*s - 1. Let x(t) = -f(t) - 2*v(t). Give x(6).
10
Let z be (60/36)/(-2 + 3 + (-22)/33). Let w(v) be the third derivative of -1/2*v**3 + 0*v + 0 - 1/24*v**4 - z*v**2 + 1/60*v**5. Calculate w(3).
3
Let w(r) = -r**3 + 24*r**2 - 3*r - 9. Let m(j) = -3*j**2 + j. Let v(z) = 4*m(z) + w(z). Let b = 47 + -35. Determine v(b).
3
Let w(d) = d - 1. Let g(x) = 10*x + 5. Let k(l) = g(l) + w(l). Let t(p) = 9*p + 4. Let c(h) = -4*k(h) + 5*t(h). Give c(-8).
-4
Let f be 1 + -16 - (1 + -1). Let p(h) = h**3 + 15*h**2 + 6170*h + 22 - 17155*h + 10987*h. What is p(f)?
-8
Let l(i) = -i**2 + 6*i + 4. Let g(n) = 25*n - 145. Let q be g(6). Let k(s) = 9*s - 49. Let a be k(q). Give l(a).
-36
Let b(c) = 9*c - 53. Let d = -574 + 580. Calculate b(d).
1
Let o be ((-184)/96)/23 + 50/24. Let w(l) = 5*l - 20. Determine w(o).
-10
Suppose -57 = -19*i + 190. Let v(d) = -d**3 + 14*d**2 - 15*d + 28. Give v(i).
2
Let b(f) = -4*f + 8. Let w = 350 - 345. Let v(i) = -7*i + 15. Let u(o) = w*b(o) - 3*v(o). Determine u(0).
-5
Let j(v) = -v**2 - v - 24. Suppose 41 - 41 = 4*m. Suppose 5*q = -c, 3*c + m*q = q. Calculate j(c).
-24
Let o(b) = 4*b + 2. Let u be 6/(-45) - 51/(-45). Let s be (-4)/(-22) + -1*186/(-66). Let f be u*s*(-4)/(-6). Determine o(f).
10
Let w = 15 + -31. Let y = 32 + w. Suppose -2*u - y = -4*u. Let z(j) = -j**2 + 8*j - 9. Give z(u).
-9
Let k(c) = -11*c - 28. Let z be k(-8). Let l(j) = 33*j - z*j + 30*j + 3 - j**2. Suppose -b + 15 + 5 = 3*v, -5*b - 2*v = -35. Give l(b).
-7
Let p(j) be the first derivative of -11*j**2/2 + 37*j + 750. Determine p(4).
-7
Let y(t) = -2*t**2 + 22*t - 11. Suppose -925*n - 803 = -998*n. Determine y(n).
-11
Let g(u) = u**2 + u - 40. Let a be (-3 + 3)/(4 - (-7 + 9)). Suppose 9*v - v = a. Calculate g(v).
-40
Let r = -77 + 81. Let o(n) = -3 + 8 + 2*n**2 - r. Calculate o(-1).
3
Let a = -31506 + 31510. Let h(k) = -17*k + 71. Determine h(a).
3
Let o(i) = 3*i - 1446*i**3 + 822*i**3 + 623*i**3 - 83. What is o(0)?
-83
Let t(h) = 182 - h**3 - 6*h**2 - 3*h + 184 + 189 + 183 - 752. Calculate t(-6).
4
Suppose 2*q - q = 3*f + 18, f = -2*q + 8. Let n(d) be the second derivative of d**3/3 - d**2/2 - 8*d + 27. Give n(q).
11
Let w(a) = -12*a + 18 + 144420*a**3 - 15*a**2 + 5 - 144421*a**3. What is w(-14)?
-5
Let z(m) = -5 - 2 + 4 + 3*m. Let r(b) = -b**3 + 44*b**2 + 1821*b + 30. Let x be r(-26). Give z(x).
9
Let m be (304/40)/19 - (1 + 86/(-10)). Let u(f) = 15*f - 16. Calculate u(m).
104
Let v be (-3175)/175 - 2/(1 - 15). Let g = 13 + v. Let p be 2*(g - 1)*2/4. Let t(a) = a**2 + 8*a + 6. Determine t(p).
-6
Let y(n) be the first derivative of 3*n**2 + 13*n + 756. Calculate y(7).
55
Let k(x) be the first derivative of 5/2*x**2 - 5*x + 112. Give k(6).
25
Let a(x) = x**2 + 10*x. Let z(n) = 4*n**2 + 51*n. Let j(d) = -11*a(d) + 2*z(d). Let b be j(-3). Let q(s) = -4*s**2 - 2*s - 2. Calculate q(b).
-32
Let m(y) = -21*y**3 + 15*y**2 + 7*y - 13. Let p(g) = 9*g**3 - 6*g**2 - 4*g + 6. Let j(k) = -2*m(k) - 5*p(k). Determine j(2).
-16
Let z(x) be the third derivative of x**5/60 - 5*x**4/12 + 11*x**3/6 + 2*x**2 + 1482*x. What is z(8)?
-5
Let a(q) = -3 + 5 + 